4
What is the remainder when 1560 is divided by 34?
30
Calculate the remainder when 831 is divided by 39.
12
Calculate the remainder when 615 is divided by 153.
3
Calculate the remainder when 174 is divided by 172.
2
What is the remainder when 512 is divided by 104?
96
What is the remainder when 699 is divided by 35?
34
Calculate the remainder when 190 is divided by 16.
14
Calculate the remainder when 286 is divided by 58.
54
What is the remainder when 1938 is divided by 18?
12
What is the remainder when 84 is divided by 71?
13
What is the remainder when 2388 is divided by 394?
24
What is the remainder when 2687 is divided by 532?
27
What is the remainder when 147 is divided by 48?
3
What is the remainder when 1257 is divided by 9?
6
Calculate the remainder when 1304 is divided by 77.
72
Calculate the remainder when 37 is divided by 7.
2
Calculate the remainder when 47 is divided by 30.
17
What is the remainder when 2300 is divided by 460?
0
Calculate the remainder when 2155 is divided by 20.
15
Calculate the remainder when 177 is divided by 26.
21
What is the remainder when 1229 is divided by 3?
2
Calculate the remainder when 207 is divided by 52.
51
Calculate the remainder when 258 is divided by 214.
44
What is the remainder when 214 is divided by 27?
25
Calculate the remainder when 433 is divided by 23.
19
What is the remainder when 13122 is divided by 22?
10
What is the remainder when 36083 is divided by 291?
290
What is the remainder when 65 is divided by 28?
9
What is the remainder when 1319 is divided by 33?
32
Calculate the remainder when 6436 is divided by 68.
44
What is the remainder when 36 is divided by 13?
10
What is the remainder when 164 is divided by 47?
23
Calculate the remainder when 1887 is divided by 188.
7
What is the remainder when 42 is divided by 13?
3
What is the remainder when 123 is divided by 21?
18
Calculate the remainder when 123 is divided by 25.
23
Calculate the remainder when 31 is divided by 16.
15
What is the remainder when 7358 is divided by 64?
62
What is the remainder when 130 is divided by 62?
6
Calculate the remainder when 133 is divided by 50.
33
Calculate the remainder when 273 is divided by 33.
9
What is the remainder when 1912 is divided by 66?
64
What is the remainder when 267 is divided by 54?
51
Calculate the remainder when 1254 is divided by 84.
78
Calculate the remainder when 365 is divided by 23.
20
Calculate the remainder when 326 is divided by 108.
2
What is the remainder when 55 is divided by 14?
13
What is the remainder when 115 is divided by 12?
7
What is the remainder when 50 is divided by 15?
5
What is the remainder when 2 is divided by 2?
0
What is the remainder when 841 is divided by 837?
4
Calculate the remainder when 4248 is divided by 78.
36
Calculate the remainder when 521 is divided by 2.
1
Calculate the remainder when 886 is divided by 6.
4
Calculate the remainder when 234 is divided by 90.
54
What is the remainder when 562 is divided by 118?
90
Calculate the remainder when 88 is divided by 25.
13
Calculate the remainder when 6307 is divided by 2100.
7
What is the remainder when 504 is divided by 7?
0
What is the remainder when 174 is divided by 25?
24
What is the remainder when 12 is divided by 11?
1
What is the remainder when 615 is divided by 88?
87
Calculate the remainder when 13 is divided by 2.
1
Calculate the remainder when 30 is divided by 30.
0
What is the remainder when 195 is divided by 124?
71
What is the remainder when 8783 is divided by 61?
60
What is the remainder when 276 is divided by 23?
0
What is the remainder when 29 is divided by 3?
2
What is the remainder when 413 is divided by 51?
5
What is the remainder when 317 is divided by 14?
9
Calculate the remainder when 292 is divided by 27.
22
What is the remainder when 3461 is divided by 89?
79
Calculate the remainder when 421 is divided by 97.
33
What is the remainder when 59 is divided by 18?
5
What is the remainder when 1307 is divided by 217?
5
What is the remainder when 759 is divided by 159?
123
What is the remainder when 653 is divided by 32?
13
Calculate the remainder when 28 is divided by 27.
1
What is the remainder when 89 is divided by 13?
11
What is the remainder when 45 is divided by 18?
9
Calculate the remainder when 16348 is divided by 83.
80
What is the remainder when 91 is divided by 31?
29
What is the remainder when 4882 is divided by 61?
2
What is the remainder when 170 is divided by 34?
0
What is the remainder when 273 is divided by 82?
27
What is the remainder when 149 is divided by 11?
6
Calculate the remainder when 5387 is divided by 199.
14
What is the remainder when 86 is divided by 23?
17
Calculate the remainder when 1452 is divided by 120.
12
What is the remainder when 14 is divided by 4?
2
Calculate the remainder when 31 is divided by 19.
12
Calculate the remainder when 1252 is divided by 60.
52
Calculate the remainder when 39803 is divided by 19.
17
What is the remainder when 737 is divided by 93?
86
What is the remainder when 7094 is divided by 10?
4
Calculate the remainder when 194 is divided by 49.
47
What is the remainder when 86 is divided by 29?
28
Calculate the remainder when 41 is divided by 6.
5
What is the remainder when 529 is divided by 59?
57
Calculate the remainder when 2334 is divided by 41.
38
What is the remainder when 45 is divided by 25?
20
Calculate the remainder when 59 is divided by 7.
3
Calculate the remainder when 25 is divided by 7.
4
What is the remainder when 437 is divided by 110?
107
What is the remainder when 2617 is divided by 17?
16
Calculate the remainder when 1735 is divided by 7.
6
What is the remainder when 332 is divided by 115?
102
What is the remainder when 2975 is divided by 199?
189
Calculate the remainder when 206 is divided by 27.
17
Calculate the remainder when 685 is divided by 53.
49
Calculate the remainder when 1132 is divided by 51.
10
Calculate the remainder when 160 is divided by 15.
10
What is the remainder when 125 is divided by 9?
8
Calculate the remainder when 193 is divided by 29.
19
Calculate the remainder when 93 is divided by 51.
42
What is the remainder when 102 is divided by 37?
28
What is the remainder when 62 is divided by 12?
2
Calculate the remainder when 474 is divided by 5.
4
Calculate the remainder when 112 is divided by 51.
10
Calculate the remainder when 87 is divided by 23.
18
Calculate the remainder when 160 is divided by 87.
73
What is the remainder when 19 is divided by 16?
3
What is the remainder when 2307 is divided by 335?
297
What is the remainder when 324 is divided by 13?
12
Calculate the remainder when 449 is divided by 148.
5
What is the remainder when 77 is divided by 36?
5
Calculate the remainder when 32 is divided by 21.
11
What is the remainder when 8708 is divided by 130?
128
What is the remainder when 203 is divided by 110?
93
Calculate the remainder when 15869 is divided by 67.
57
Calculate the remainder when 375 is divided by 21.
18
What is the remainder when 10741 is divided by 34?
31
Calculate the remainder when 39 is divided by 11.
6
Calculate the remainder when 2000 is divided by 304.
176
What is the remainder when 98 is divided by 7?
0
Calculate the remainder when 93 is divided by 42.
9
Calculate the remainder when 13078 is divided by 49.
44
What is the remainder when 1338 is divided by 10?
8
Calculate the remainder when 1834 is divided by 18.
16
Calculate the remainder when 259 is divided by 86.
1
What is the remainder when 164 is divided by 62?
40
What is the remainder when 414 is divided by 10?
4
Calculate the remainder when 508 is divided by 15.
13
Calculate the remainder when 6609 is divided by 38.
35
What is the remainder when 492 is divided by 93?
27
What is the remainder when 44 is divided by 36?
8
What is the remainder when 2512 is divided by 63?
55
What is the remainder when 1187 is divided by 197?
5
Calculate the remainder when 160 is divided by 35.
20
Calculate the remainder when 64 is divided by 24.
16
What is the remainder when 4399 is divided by 9?
7
What is the remainder when 475 is divided by 17?
16
What is the remainder when 7525 is divided by 2506?
7
What is the remainder when 4870 is divided by 87?
85
Calculate the remainder when 110 is divided by 40.
30
Calculate the 